v + 5*b, -5*v + 2*b = -200. Calculate the greatest common divisor of 112 and v.
14
Let f = 877 + -775. Calculate the greatest common divisor of 527 and f.
17
Let n be -2 + (6 - (-2 + 3)) - -1599. What is the greatest common divisor of n and 18?
18
Let b = 72 + -69. Suppose -5 - 75 = -4*u + 4*y, 0 = y + b. Calculate the highest common divisor of u and 153.
17
Let m be -9*((-4)/2 + 1). Let l(x) = 2*x**3 - 44*x**2 + 2. Let s be l(22). Let n be (-6)/(s/(-7)*(-42)/(-198)). Calculate the greatest common factor of n and m.
9
Let u(h) = -5*h + 10. Let t be u(2). Suppose -3*f = d + 2 - 10, -3*f - 5*d + 16 = t. Calculate the greatest common divisor of 7 and f.
1
Suppose 495 = 6*y - y. Suppose -1 = u + 4*a - 8, 5*u = 4*a + 59. Calculate the greatest common divisor of y and u.
11
Let c be 56/(-72) + 1 + (-1724)/(-18). Let f = c + -46. What is the greatest common divisor of 125 and f?
25
Let s = 17 - 6. Suppose 121 = 5*m + s. What is the greatest common divisor of 176 and m?
22
Let b be (14 - 8)/((-5)/(20/(-6))). Let y = 83 + -32. Suppose -b*j + 21 = -y. What is the highest common factor of j and 6?
6
Let x be (-1*(-4 + -2))/2. Suppose 204 = d + 2*d. Suppose -z = x*z - d. Calculate the greatest common divisor of z and 136.
17
Let t = -80 - -81. Calculate the highest common divisor of t and 3.
1
Suppose 5*m - 3*u - 50 = 0, 2*m + 5*u = 3*m - 32. Suppose m*i - 1 = 6. Suppose v - 5*v = -4. Calculate the greatest common factor of i and v.
1
Let l be 17 + (-6)/(0 + 3). Let q be ((-20)/l)/((-1)/33). Suppose 5*y - 2*d = -d + 106, -5*d + 64 = 2*y. Calculate the highest common divisor of q and y.
22
Suppose -1 = -5*f - 3*b, 3*f + 0*f + 5*b = -9. Suppose -3*u - f*u + 50 = 0. Calculate the greatest common factor of 30 and u.
10
Suppose -h + 3*x = -5, -7*h + 3*x + 20 = -3*h. Suppose 3 = -h*s + 23. Let r be (0 + -6)*(s + -6). Calculate the greatest common factor of 12 and r.
12
Suppose 72*f - 836 = 28*f. What is the highest common factor of 2565 and f?
19
Suppose -2*c = c + 6, 5*v - 460 = 5*c. Calculate the highest common divisor of 108 and v.
18
Suppose 0 = -a + 2*a - 8. Let m = -159 + 167. What is the greatest common divisor of a and m?
8
Suppose 0 = 3*x + 4*m - 49, -2*x + 6 + 0 = -4*m. Suppose u = 2*c + 81, c - 3*c - 158 = -2*u. Calculate the highest common divisor of x and u.
11
Suppose 5*t - 5 = 0, 2*r = 5*r - t - 1631. Calculate the greatest common divisor of r and 32.
32
Let n = 11784 - 11719. Let l = 47 + -34. What is the greatest common factor of l and n?
13
Let i be 1*(-1 + 1*29). Suppose 0 = -4*a - 5*q + q + 4, 0 = -4*a + 2*q - 2. Suppose 0 = -a*y - 6*y + 84. Calculate the highest common factor of i and y.
14
Let z(h) be the third derivative of h**5/30 - h**4/6 - 7*h**3/6 + 16*h**2 + 1. Let u be z(7). Calculate the greatest common divisor of u and 42.
21
Let a(m) = m**3 - 10*m**2 - 24*m + 3. Let p be a(12). What is the highest common divisor of p and 69?
3
Let b be (-948)/(-5) - (-4)/10. Suppose 2 = 2*q - b. Suppose 34 = 4*s + m - q, -5*m - 43 = -s. Calculate the greatest common divisor of 165 and s.
33
Let t = -1 - -5. Suppose b = 2*b + x - 49, 2*b - 106 = -t*x. Suppose -4 = -3*i - a + 51, -2*i - 5*a + 41 = 0. What is the greatest common divisor of b and i?
9
Let n be ((-396)/(-90))/((-2)/(-50)). Suppose 2*c - 5*d = 110, -2*c + 3*d + n = -d. Calculate the highest common divisor of c and 22.
11
Let w = 442 - 374. Calculate the highest common factor of 170 and w.
34
Suppose 0 = 74*k - 218 - 5998. What is the highest common divisor of 77 and k?
7
Suppose 12 = 12*i - 9*i. Suppose -i*b - 35 = b. Let u(t) = -32*t - 4. Let o be u(b). What is the greatest common factor of 20 and o?
20
Let z(o) = -o**3 - 26*o**2 - 34*o - 29. Let t be z(-25). Calculate the highest common factor of t and 49.
49
Let h(l) = -2*l**3 - 34*l**2 + 24. Let w be h(-17). What is the greatest common factor of w and 1032?
24
Suppose 2*w = 5*t - 1591, 5*t - 4*w - 118 = 1469. Calculate the greatest common factor of 29 and t.
29
Suppose -3*n - 2*n + 130 = 0. Let y = -95 + 58. Let f = y - -50. What is the highest common divisor of f and n?
13
Suppose 5*h = -41 + 516. What is the highest common factor of h and 10?
5
Suppose 930 = 37*q - 846. Calculate the greatest common factor of 1848 and q.
24
Let s be (7 + -21 + 6)*(-3)/2. What is the highest common divisor of 8 and s?
4
Let k be ((-45)/36)/((-2)/16). Suppose h - 6*h + k = 0. Suppose h*m = -4*m + 30. What is the greatest common factor of m and 5?
5
Let f(k) = -3*k**2 - 14. Let j be f(6). Let y = j - -141. Calculate the greatest common factor of y and 76.
19
Suppose -40*z + 49 = -33*z. What is the greatest common divisor of z and 175?
7
Let v be 3 - ((-3)/(-3) - 4). Let o be (20 - 2)*2/v. Suppose -56 = -2*t - o. Calculate the greatest common divisor of 25 and t.
25
Suppose 0 = 2*t + 3*t + 4*n - 50, 0 = 2*t + n - 17. Calculate the highest common divisor of 102 and t.
6
Suppose 2*x - 4*d = 8, 5*x + 0*d + d = 75. Suppose -142 - 68 = -3*b. What is the greatest common factor of x and b?
14
Suppose 2*v - 3 - 7 = 0. Suppose 56 = v*u - 3*u. What is the highest common factor of 7 and u?
7
Let y be (15/(-12))/(1/(-20)). What is the greatest common factor of 10 and y?
5
Suppose s - 4*k = 172, s + 2*k - 17 = 167. Suppose 51 = 4*a - 45. Let r = a - 4. Calculate the greatest common factor of r and s.
20
Let b = 904 - 234. What is the highest common factor of 10 and b?
10
Let l(w) = w**2 + 2*w. Let c be l(-2). Suppose c = x - 108 + 13. Let r be 3088/80 + (-3)/5. Calculate the greatest common divisor of x and r.
19
Let i(o) = -o + 6. Let u be i(-5). Suppose -2*j - 2*p + 26 = 0, 2*j = -4*p + 24 + 6. Calculate the highest common divisor of u and j.
11
Let m = 9 + -9. Suppose -3*t = 5*s - 97, -t + 2*s + 14 = -m*t. Let q = 1 + 23. Calculate the highest common divisor of t and q.
24
Let r = -18 + 9. Let t = r - -15. Suppose 2*c = 0, -3*c - 94 = -5*g + 2*c + 26. Calculate the greatest common factor of t and g.
6
Suppose 4*w + 3 = -9. Let m be (-246)/w - (-7 + 9). Calculate the greatest common factor of m and 20.
20
Let s be (10/(-3))/((-1)/3). Let l be (-5 + 1)/(2/(4/1)). Let p be (7 - (l - -13)) + (0 - -28). What is the greatest common divisor of p and s?
10
Let w(b) be the second derivative of -1/12*b**4 - 6*b + 5/2*b**2 - 4/3*b**3 + 0. Let o be w(-4). Calculate the highest common divisor of o and 3.
3
Let u be 1 + (0 - 6) - -194. What is the highest common divisor of 18 and u?
9
Let i(l) = l**2 - 21. Let a be i(5). Calculate the highest common factor of a and 24.
4
Suppose -4*y = -9*y - 295. Let j = 164 + y. Let k = j - 73. Calculate the greatest common divisor of k and 4.
4
Let m(z) = -z**2 - 2*z + 11. Let y be m(-4). Let f be 6*(-1)/(-18) - (-32)/y. What is the highest common divisor of 11 and f?
11
Suppose -5*q = -7*q + 20. Calculate the greatest common factor of 4 and q.
2
Let m = 17 - 13. Suppose z + 107 = 2*o - 23, 0 = -m*o + 4*z + 268. What is the highest common factor of o and 7?
7
Suppose -u + 5*b = -15, -4*u - 80*b = -83*b - 43. Calculate the greatest common factor of 162 and u.
2
Let u be (3 - (1 + 4)) + 162. Let n be 7/((-14)/u)*-1. Suppose 3*t - 22 = 8. Calculate the highest common divisor of n and t.
10
Suppose -n + 6*n - 20 = 0, -n - 32 = 2*d. Let q = d - -40. Calculate the greatest common divisor of 198 and q.
22
Let w = 7 + 1. Calculate the greatest common factor of w and 40.
8
Let n be 75/2 + (-2)/((-40)/30). Suppose -5*r + 79 + 173 = -2*j, -2*j + 8 = 0. Calculate the greatest common factor of n and r.
13
Let f be (5 - -91)/6 + (-3 - -5). Calculate the highest common divisor of f and 243.
9
Suppose -2*h = -4*h + 4, o = -4*h + 261. Let x = -22 + o. Calculate the greatest common factor of x and 21.
21
Let d = 199 + 9. Let m = -4 + 30. Calculate the highest common factor of d and m.
26
Let a(p) = p**2 + 220. Let z be a(0). Suppose -5*i + 96 = -c, -2*i + 23*c + 52 = 26*c. Calculate the greatest common factor of i and z.
20
Suppose -10 = -31*d + 21. What is the greatest common divisor of 19 and d?
1
Suppose 0*t - 3*t + 147 = -5*m, 0 = 2*t + 2*m - 82. Let d be 2/11 - 8/t. Suppose -2*y + 132 = -d*y. Calculate the highest common divisor of 44 and y.
22
Suppose 2*m = 5*m - 105. Suppose -m = -2*c - 9. Let u = 189 - 85. What is the highest common factor of